{"id":778,"date":"2022-10-29T20:35:59","date_gmt":"2022-10-29T20:35:59","guid":{"rendered":"https:\/\/wessambiental.com.ar\/?page_id=778"},"modified":"2024-08-21T22:33:56","modified_gmt":"2024-08-21T22:33:56","slug":"capacitaciones-en-seguridad-e-higiene","status":"publish","type":"page","link":"https:\/\/wessambiental.com.ar\/index.php\/capacitaciones-en-seguridad-e-higiene\/","title":{"rendered":"Capacitaciones en Seguridad e Higiene"},"content":{"rendered":"\n<div class=\"wp-block-cover alignwide is-light\" style=\"min-height:200px\"><span aria-hidden=\"true\" class=\"wp-block-cover__background has-background-dim\"><\/span><img loading=\"lazy\" width=\"2560\" height=\"1709\" class=\"wp-block-cover__image-background wp-image-42\" alt=\"\" src=\"https:\/\/wessambiental.com.ar\/wp-content\/uploads\/2022\/09\/gestion-scaled.jpg\" style=\"object-position:49% 31%\" data-object-fit=\"cover\" data-object-position=\"49% 31%\" srcset=\"https:\/\/wessambiental.com.ar\/wp-content\/uploads\/2022\/09\/gestion-scaled.jpg 2560w, https:\/\/wessambiental.com.ar\/wp-content\/uploads\/2022\/09\/gestion-300x200.jpg 300w, https:\/\/wessambiental.com.ar\/wp-content\/uploads\/2022\/09\/gestion-1024x684.jpg 1024w, https:\/\/wessambiental.com.ar\/wp-content\/uploads\/2022\/09\/gestion-768x513.jpg 768w, https:\/\/wessambiental.com.ar\/wp-content\/uploads\/2022\/09\/gestion-1536x1025.jpg 1536w, https:\/\/wessambiental.com.ar\/wp-content\/uploads\/2022\/09\/gestion-2048x1367.jpg 2048w\" sizes=\"(max-width: 2560px) 100vw, 2560px\" \/><div class=\"wp-block-cover__inner-container\">\n<p class=\"has-text-align-center has-large-font-size\"><\/p>\n<\/div><\/div>\n\n\n\n<div class=\"wp-block-cover alignfull is-light\" style=\"padding-right:10%;padding-left:10%;min-height:100px\"><span aria-hidden=\"true\" class=\"wp-block-cover__background has-background-dim-0 has-background-dim\"><\/span><img loading=\"lazy\" width=\"1921\" height=\"1080\" class=\"wp-block-cover__image-background wp-image-46\" alt=\"\" src=\"https:\/\/wessambiental.com.ar\/wp-content\/uploads\/2022\/09\/fondo-01.png\" style=\"object-position:16% 55%\" data-object-fit=\"cover\" data-object-position=\"16% 55%\" srcset=\"https:\/\/wessambiental.com.ar\/wp-content\/uploads\/2022\/09\/fondo-01.png 1921w, https:\/\/wessambiental.com.ar\/wp-content\/uploads\/2022\/09\/fondo-01-300x169.png 300w, https:\/\/wessambiental.com.ar\/wp-content\/uploads\/2022\/09\/fondo-01-1024x576.png 1024w, https:\/\/wessambiental.com.ar\/wp-content\/uploads\/2022\/09\/fondo-01-768x432.png 768w, https:\/\/wessambiental.com.ar\/wp-content\/uploads\/2022\/09\/fondo-01-1536x864.png 1536w\" sizes=\"(max-width: 1921px) 100vw, 1921px\" \/><div class=\"wp-block-cover__inner-container\">\n<div class=\"wp-container-2 is-nowrap wp-block-group\">\n<div class=\"wp-container-1 is-nowrap wp-block-group titulo-servicio\" style=\"padding-right:10px\">\n<figure class=\"wp-block-image size-full\"><img loading=\"lazy\" width=\"160\" height=\"54\" src=\"https:\/\/wessambiental.com.ar\/wp-content\/uploads\/2022\/09\/isotipo-02-e1662703919737.png\" alt=\"\" class=\"wp-image-48\"\/><\/figure>\n\n\n\n<h2 class=\"tittle-dark\" style=\"font-style:normal;font-weight:600\">SERVICIOS\/ <\/h2>\n<\/div>\n\n\n\n<h3 class=\"has-large-font-size\">Capacitaciones en Seguridad e Higiene<\/h3>\n<\/div>\n<\/div><\/div>\n\n\n\n<div class=\"wp-block-cover alignfull is-light servicios-subpage\" style=\"padding-right:10%;padding-left:10%;min-height:100px\"><span aria-hidden=\"true\" class=\"wp-block-cover__background has-background-dim-0 has-background-dim\"><\/span><img loading=\"lazy\" width=\"1921\" height=\"1080\" class=\"wp-block-cover__image-background wp-image-45\" alt=\"\" src=\"https:\/\/wessambiental.com.ar\/wp-content\/uploads\/2022\/09\/fondo-02.png\" data-object-fit=\"cover\" srcset=\"https:\/\/wessambiental.com.ar\/wp-content\/uploads\/2022\/09\/fondo-02.png 1921w, https:\/\/wessambiental.com.ar\/wp-content\/uploads\/2022\/09\/fondo-02-300x169.png 300w, https:\/\/wessambiental.com.ar\/wp-content\/uploads\/2022\/09\/fondo-02-1024x576.png 1024w, https:\/\/wessambiental.com.ar\/wp-content\/uploads\/2022\/09\/fondo-02-768x432.png 768w, https:\/\/wessambiental.com.ar\/wp-content\/uploads\/2022\/09\/fondo-02-1536x864.png 1536w\" sizes=\"(max-width: 1921px) 100vw, 1921px\" \/><div class=\"wp-block-cover__inner-container\">\n<p>Las capacitaciones en Seguridad e Higiene de wess ambiental&nbsp; a grupos de trabajo pueden ser presenciales o virtuales, ya que contamos con una plataforma propia de capacitaciones virtuales certificada. Ambas modalidades incluyen evaluaci\u00f3n y certificaci\u00f3n profesional.<\/p>\n\n\n\n<h4 class=\"has-white-background-color has-background has-small-font-size\" style=\"margin-bottom:1em\">Caracter\u00edsticas de las capacitaciones:<\/h4>\n\n\n\n<div class=\"wp-container-5 wp-block-columns\">\n<div class=\"wp-container-3 wp-block-column\" style=\"padding-right:2em;flex-basis:100%\">\n<ul><li>En caso de ser virtuales se generar\u00e1 una plataforma de capacitaci\u00f3n espec\u00edfica para cada empresa, con ex\u00e1menes de comprensi\u00f3n y material para cada tem\u00e1tica, logrando de esa manera&nbsp; cumplir en tiempo y forma con todas las capacitaciones anuales.&nbsp;<\/li><li>Colaborar en el an\u00e1lisis de los accidentes laborales a ser presentado ante la ART. Elaboraci\u00f3n de estad\u00edsticas e indicadores sobre: n\u00famero de incidentes con y sin lesi\u00f3n, duraci\u00f3n media de las bajas laborales por accidentes\/enfermedades profesionales, etc.<\/li><li>Realizar un an\u00e1lisis de riesgo por puesto de trabajo y definir los EPP necesarios a ser entregados al personal.<\/li><li>Cumplir y hacer cumplir las medidas de higiene y seguridad, manteniendo informado&nbsp; a quien corresponda.<\/li><li>Presentar\u00e1 una propuesta anual de capacitaci\u00f3n y sensibilizaci\u00f3n para el personal al comienzo de la prestaci\u00f3n del servicio el cual deber\u00e1 ser acordado con RR HH. Se deber\u00e1 establecer un seguimiento&nbsp; para conocer el grado de avance\/cumplimiento de las capacitaciones o acciones de sensibilizaci\u00f3n planificadas.<\/li><li>Desarrollar y mantener actualizado una Programaci\u00f3n de tareas relacionadas con Higiene y Seguridad que permita establecer la efectividad del cumplimiento de las mismas.<\/li><li>Realizar un registro de las observaciones\/recomendaciones realizadas con un seguimiento de cumplimiento o adecuaci\u00f3n de las mismas.<\/li><li>Suministrar informaci\u00f3n de inter\u00e9s en la problem\u00e1tica de Seguridad y Salud Ocupacional.<\/li><li>Asimismo deber\u00e1 desarrollar las funciones definidas por la Resoluci\u00f3n 905\/15 de la Superintendencia de Riesgos del Trabajo.<\/li><\/ul>\n<\/div>\n\n\n\n<div class=\"wp-container-4 wp-block-column is-vertically-aligned-top\" style=\"flex-basis:100%\">\n<figure class=\"wp-block-image size-large\"><img loading=\"lazy\" width=\"554\" height=\"886\" src=\"https:\/\/wessambiental.com.ar\/wp-content\/uploads\/2022\/10\/fondo-05-edited.jpg\" alt=\"\" class=\"wp-image-796\" srcset=\"https:\/\/wessambiental.com.ar\/wp-content\/uploads\/2022\/10\/fondo-05-edited.jpg 554w, https:\/\/wessambiental.com.ar\/wp-content\/uploads\/2022\/10\/fondo-05-edited-188x300.jpg 188w\" sizes=\"(max-width: 554px) 100vw, 554px\" \/><\/figure>\n<\/div>\n<\/div>\n<\/div><\/div>\n\n\n<div style=\"overflow: hidden;height: 1px\">xxx, filme xxl, filme porno gratis hd 2024 @ <a href=\"https:\/\/zzzporno.org\/sexul-in-filmele-porno-este-real-si-incurajator\/\">https:\/\/zzzporno.org\/sexul-in-filmele-porno-este-real-si-incurajator\/<\/a>, <a href=\"https:\/\/zzzporno.org\/filme-porno-gratis-cu-tanara-baga-pula-de-cauciug-in-pizda-la-job\/\">https:\/\/zzzporno.org\/filme-porno-gratis-cu-tanara-baga-pula-de-cauciug-in-pizda-la-job\/<\/a>, <a href=\"https:\/\/zzzporno.org\/tanara-care-stie-sa-faca-laba-cu-picioarele\/\">https:\/\/zzzporno.org\/tanara-care-stie-sa-faca-laba-cu-picioarele\/<\/a>, <a href=\"https:\/\/zzzporno.org\/filme-porno-intregi-cu-blonde-sugace\/\">https:\/\/zzzporno.org\/filme-porno-intregi-cu-blonde-sugace\/<\/a>, <a href=\"https:\/\/zzzporno.org\/femeia-cu-sani-mari-este-nesatula-si-doar-o-pula-mare-o-poate-satisface\/\">https:\/\/zzzporno.org\/femeia-cu-sani-mari-este-nesatula-si-doar-o-pula-mare-o-poate-satisface\/<\/a>, <a href=\"https:\/\/zzzporno.org\/romanca-antonia-are-chef-de-sex-si-isi-suna-un-prieten\/\">https:\/\/zzzporno.org\/romanca-antonia-are-chef-de-sex-si-isi-suna-un-prieten\/<\/a>, <img src=\"https:\/\/zzzporno.org\/wp-content\/uploads\/2023\/07\/2ac2b86a6205f6b2cea1fa165c80c610-240x155.jpg\" alt=\"https:\/\/zzzporno.org\/wp-content\/uploads\/2023\/07\/2ac2b86a6205f6b2cea1fa165c80c610-240x155.jpg\">, <img src=\"https:\/\/zzzporno.org\/wp-content\/uploads\/2022\/08\/7e96066ca223ba2aff2fcf371bb2216a-240x155.jpg\" alt=\"https:\/\/zzzporno.org\/wp-content\/uploads\/2022\/08\/7e96066ca223ba2aff2fcf371bb2216a-240x155.jpg\">, <img src=\"https:\/\/zzzporno.org\/wp-content\/uploads\/2021\/04\/e60e2db4544e0c4ce1e94cc09e934808-240x155.jpg\" alt=\"https:\/\/zzzporno.org\/wp-content\/uploads\/2021\/04\/e60e2db4544e0c4ce1e94cc09e934808-240x155.jpg\">, <img src=\"https:\/\/zzzporno.org\/wp-content\/uploads\/2021\/12\/798abcfe2659d407e85fc58cd364eced-240x155.jpg\" alt=\"https:\/\/zzzporno.org\/wp-content\/uploads\/2021\/12\/798abcfe2659d407e85fc58cd364eced-240x155.jpg\"><\/div>","protected":false},"excerpt":{"rendered":"<p>xxx, filme xxl, filme porno gratis hd 2024 @ https:\/\/zzzporno.org\/sexul-in-filmele-porno-este-real-si-incurajator\/, https:\/\/zzzporno.org\/filme-porno-gratis-cu-tanara-baga-pula-de-cauciug-in-pizda-la-job\/, https:\/\/zzzporno.org\/tanara-care-stie-sa-faca-laba-cu-picioarele\/, https:\/\/zzzporno.org\/filme-porno-intregi-cu-blonde-sugace\/, https:\/\/zzzporno.org\/femeia-cu-sani-mari-este-nesatula-si-doar-o-pula-mare-o-poate-satisface\/, https:\/\/zzzporno.org\/romanca-antonia-are-chef-de-sex-si-isi-suna-un-prieten\/, , , ,<\/p>\n","protected":false},"author":1,"featured_media":0,"parent":0,"menu_order":0,"comment_status":"closed","ping_status":"closed","template":"","meta":{"om_disable_all_campaigns":false,"_monsterinsights_skip_tracking":false,"_monsterinsights_sitenote_active":false,"_monsterinsights_sitenote_note":"","_monsterinsights_sitenote_category":0,"_joinchat":[]},"aioseo_notices":[],"_links":{"self":[{"href":"https:\/\/wessambiental.com.ar\/index.php\/wp-json\/wp\/v2\/pages\/778"}],"collection":[{"href":"https:\/\/wessambiental.com.ar\/index.php\/wp-json\/wp\/v2\/pages"}],"about":[{"href":"https:\/\/wessambiental.com.ar\/index.php\/wp-json\/wp\/v2\/types\/page"}],"author":[{"embeddable":true,"href":"https:\/\/wessambiental.com.ar\/index.php\/wp-json\/wp\/v2\/users\/1"}],"replies":[{"embeddable":true,"href":"https:\/\/wessambiental.com.ar\/index.php\/wp-json\/wp\/v2\/comments?post=778"}],"version-history":[{"count":8,"href":"https:\/\/wessambiental.com.ar\/index.php\/wp-json\/wp\/v2\/pages\/778\/revisions"}],"predecessor-version":[{"id":3088,"href":"https:\/\/wessambiental.com.ar\/index.php\/wp-json\/wp\/v2\/pages\/778\/revisions\/3088"}],"wp:attachment":[{"href":"https:\/\/wessambiental.com.ar\/index.php\/wp-json\/wp\/v2\/media?parent=778"}],"curies":[{"name":"wp","href":"https:\/\/api.w.org\/{rel}","templated":true}]}}