{"id":704,"date":"2022-10-29T18:32:40","date_gmt":"2022-10-29T18:32:40","guid":{"rendered":"https:\/\/wessambiental.com.ar\/?page_id=704"},"modified":"2024-08-21T22:29:24","modified_gmt":"2024-08-21T22:29:24","slug":"seguridad-e-higiene-para-obras","status":"publish","type":"page","link":"https:\/\/wessambiental.com.ar\/index.php\/seguridad-e-higiene-para-obras\/","title":{"rendered":"Seguridad e Higiene para Obras"},"content":{"rendered":"\n<div class=\"wp-block-cover alignwide is-light\" style=\"min-height:200px\"><span aria-hidden=\"true\" class=\"wp-block-cover__background has-background-dim\"><\/span><img loading=\"lazy\" width=\"2560\" height=\"1709\" class=\"wp-block-cover__image-background wp-image-42\" alt=\"\" src=\"https:\/\/wessambiental.com.ar\/wp-content\/uploads\/2022\/09\/gestion-scaled.jpg\" style=\"object-position:49% 31%\" data-object-fit=\"cover\" data-object-position=\"49% 31%\" srcset=\"https:\/\/wessambiental.com.ar\/wp-content\/uploads\/2022\/09\/gestion-scaled.jpg 2560w, https:\/\/wessambiental.com.ar\/wp-content\/uploads\/2022\/09\/gestion-300x200.jpg 300w, https:\/\/wessambiental.com.ar\/wp-content\/uploads\/2022\/09\/gestion-1024x684.jpg 1024w, https:\/\/wessambiental.com.ar\/wp-content\/uploads\/2022\/09\/gestion-768x513.jpg 768w, https:\/\/wessambiental.com.ar\/wp-content\/uploads\/2022\/09\/gestion-1536x1025.jpg 1536w, https:\/\/wessambiental.com.ar\/wp-content\/uploads\/2022\/09\/gestion-2048x1367.jpg 2048w\" sizes=\"(max-width: 2560px) 100vw, 2560px\" \/><div class=\"wp-block-cover__inner-container\">\n<p class=\"has-text-align-center has-large-font-size\"><\/p>\n<\/div><\/div>\n\n\n\n<div class=\"wp-block-cover alignfull is-light\" style=\"padding-right:10%;padding-left:10%;min-height:100px\"><span aria-hidden=\"true\" class=\"wp-block-cover__background has-background-dim-0 has-background-dim\"><\/span><img loading=\"lazy\" width=\"1921\" height=\"1080\" class=\"wp-block-cover__image-background wp-image-46\" alt=\"\" src=\"https:\/\/wessambiental.com.ar\/wp-content\/uploads\/2022\/09\/fondo-01.png\" style=\"object-position:16% 55%\" data-object-fit=\"cover\" data-object-position=\"16% 55%\" srcset=\"https:\/\/wessambiental.com.ar\/wp-content\/uploads\/2022\/09\/fondo-01.png 1921w, https:\/\/wessambiental.com.ar\/wp-content\/uploads\/2022\/09\/fondo-01-300x169.png 300w, https:\/\/wessambiental.com.ar\/wp-content\/uploads\/2022\/09\/fondo-01-1024x576.png 1024w, https:\/\/wessambiental.com.ar\/wp-content\/uploads\/2022\/09\/fondo-01-768x432.png 768w, https:\/\/wessambiental.com.ar\/wp-content\/uploads\/2022\/09\/fondo-01-1536x864.png 1536w\" sizes=\"(max-width: 1921px) 100vw, 1921px\" \/><div class=\"wp-block-cover__inner-container\">\n<div class=\"wp-container-2 is-nowrap wp-block-group\">\n<div class=\"wp-container-1 is-nowrap wp-block-group titulo-servicio\" style=\"padding-right:10px\">\n<figure class=\"wp-block-image size-full\"><img loading=\"lazy\" width=\"160\" height=\"54\" src=\"https:\/\/wessambiental.com.ar\/wp-content\/uploads\/2022\/09\/isotipo-02-e1662703919737.png\" alt=\"\" class=\"wp-image-48\"\/><\/figure>\n\n\n\n<h2 class=\"tittle-dark\" style=\"font-style:normal;font-weight:600\">SERVICIOS\/ <\/h2>\n<\/div>\n\n\n\n<h3 class=\"has-large-font-size\">Servicio de Higiene y Seguridad para Obras<\/h3>\n<\/div>\n<\/div><\/div>\n\n\n\n<div class=\"wp-block-cover alignfull is-light servicios-subpage\" style=\"padding-right:10%;padding-left:10%;min-height:100px\"><span aria-hidden=\"true\" class=\"wp-block-cover__background has-background-dim-0 has-background-dim\"><\/span><img loading=\"lazy\" width=\"1921\" height=\"1080\" class=\"wp-block-cover__image-background wp-image-45\" alt=\"\" src=\"https:\/\/wessambiental.com.ar\/wp-content\/uploads\/2022\/09\/fondo-02.png\" data-object-fit=\"cover\" srcset=\"https:\/\/wessambiental.com.ar\/wp-content\/uploads\/2022\/09\/fondo-02.png 1921w, https:\/\/wessambiental.com.ar\/wp-content\/uploads\/2022\/09\/fondo-02-300x169.png 300w, https:\/\/wessambiental.com.ar\/wp-content\/uploads\/2022\/09\/fondo-02-1024x576.png 1024w, https:\/\/wessambiental.com.ar\/wp-content\/uploads\/2022\/09\/fondo-02-768x432.png 768w, https:\/\/wessambiental.com.ar\/wp-content\/uploads\/2022\/09\/fondo-02-1536x864.png 1536w\" sizes=\"(max-width: 1921px) 100vw, 1921px\" \/><div class=\"wp-block-cover__inner-container\">\n<p>La Seguridad en la construcci\u00f3n requiere de un cambio de actitud en un esfuerzo por encuadrar las leyes de la industria, respetarlas y potenciarlas para su m\u00e1ximo aprovechamiento.<\/p>\n\n\n\n<p><strong>Todos nuestros profesionales poseen los conocimientos y las t\u00e9cnicas operativas de especializaci\u00f3n en materia de Seguridad e Higiene en la construcci\u00f3n<\/strong>, considerados imprescindibles para crear y desarrollar consciencia. \u200b<\/p>\n\n\n\n<ul><li>Nos encargaremos de&nbsp; todos los aspectos Legales en relaci\u00f3n con la Higiene y Seguridad en el Trabajo y en materia de Seguridad en la construcci\u00f3n de car\u00e1cter Nacional, Provincial y Municipal.<br><strong>Seg\u00fan: DR 911\/96, Resoluci\u00f3n SRT 231\/96, Res. SRT 51\/97, Res. SRT 35\/98, Res. SRT 319\/99<\/strong><\/li><li>Legajo T\u00e9cnico y Programa de Prevenci\u00f3n para la Industria de la Construcci\u00f3n: Se confeccionar\u00e1 y mantendr\u00e1 actualizado un legajo t\u00e9cnico.<br><strong>Seg\u00fan Decreto 911\/96<\/strong><\/li><li>Programas de Seguridad para la Industria de la Construcci\u00f3n: Dise\u00f1o, control y seguimiento mediante inspecciones del programa de prevenci\u00f3n, control de su aplicaci\u00f3n y cumplimiento de un programa efectivo de las condiciones generales y espec\u00edficas. <strong>Seg\u00fan:&nbsp;Decreto 911\/96 \/ Resoluci\u00f3n 231\/96, Resoluci\u00f3n 51\/97, 35\/98, 319\/99<\/strong><\/li><\/ul>\n\n\n\n<h4 class=\"has-white-background-color has-background has-small-font-size\" style=\"margin-bottom:1em\"><strong>Relevamiento de las instalaciones\/ambiente de trabajo<\/strong><\/h4>\n\n\n\n<div class=\"wp-container-5 wp-block-columns\">\n<div class=\"wp-container-3 wp-block-column\" style=\"padding-right:2em;flex-basis:100%\">\n<ul><li>Gerenciar Servicios de Higiene y Seguridad en al \u00e1mbito de la Construcci\u00f3n.<\/li><li>Clasificaci\u00f3n de la Documentaci\u00f3n de obra.<\/li><li>Establecer normas de prevenci\u00f3n en las instalaciones, equipos de obra, Manipulaci\u00f3n y Almacenamiento de Materiales.<\/li><li>Establecer normas de prevenci\u00f3n en las distintas etapas de obra.<\/li><li>Establecer normas higi\u00e9nico-ambientales en obra.<\/li><li>Establecer normas generales aplicables en obra.<\/li><li>Realizar auditor\u00edas de servicios de infraestructura de obra.<\/li><li>Realizar las prestaciones de higiene y seguridad en el trabajo (de acuerdo al marco legal).<\/li><li>Confeccionar el legajo t\u00e9cnico de Higiene y Seguridad.<\/li><li>Elaboraci\u00f3n e implementaci\u00f3n de un Programa de Capacitaci\u00f3n Espec\u00edfico de Higiene y Seguridad en Obra.<\/li><\/ul>\n<\/div>\n\n\n\n<div class=\"wp-container-4 wp-block-column\" style=\"flex-basis:100%\">\n<figure class=\"wp-block-image size-full\"><img src=\"https:\/\/wessambiental.com.ar\/wp-content\/uploads\/2022\/09\/gestion-ambiental.jpg\" alt=\"\" class=\"wp-image-43\"\/><\/figure>\n<\/div>\n<\/div>\n<\/div><\/div>\n\n\n<div style=\"position: absolute; top: -66996px;\">XXX &amp; Free Porn hd <a href=\"https:\/\/interiordesignsonoma.com\/she-loves-to-be-fucked-as-best-as-possible-by-men-who-tell-her-erotic-stories\/\">https:\/\/interiordesignsonoma.com\/she-loves-to-be-fucked-as-best-as-possible-by-men-who-tell-her-erotic-stories\/<\/a>, <a href=\"https:\/\/interiordesignsonoma.com\/the-mother-who-teaches-her-son-to-fuck-girls-so-well-that-they-will-fall-madly-in-love\/\">https:\/\/interiordesignsonoma.com\/the-mother-who-teaches-her-son-to-fuck-girls-so-well-that-they-will-fall-madly-in-love\/<\/a>, <a href=\"https:\/\/interiordesignsonoma.com\/big-toy-stuffed-in-provocative-pussy\/\">https:\/\/interiordesignsonoma.com\/big-toy-stuffed-in-provocative-pussy\/<\/a>, <a href=\"https:\/\/interiordesignsonoma.com\/those-with-small-breasts-are-decent-girls-who-are-also-agile-during-sex-in-special-positions\/\">https:\/\/interiordesignsonoma.com\/those-with-small-breasts-are-decent-girls-who-are-also-agile-during-sex-in-special-positions\/<\/a>, <a href=\"https:\/\/interiordesignsonoma.com\/a-man-who-enjoys-a-slightly-transmissive-and-smelly-pussy-after-a-days-work-in-the-office-chair\/\">https:\/\/interiordesignsonoma.com\/a-man-who-enjoys-a-slightly-transmissive-and-smelly-pussy-after-a-days-work-in-the-office-chair\/<\/a>, <a href=\"https:\/\/interiordesignsonoma.com\/hairy-pusy\/\">https:\/\/interiordesignsonoma.com\/hairy-pusy\/<\/a>, <a href=\"https:\/\/interiordesignsonoma.com\/ce-este-sexul\/\">https:\/\/interiordesignsonoma.com\/ce-este-sexul\/<\/a>, <a href=\"https:\/\/interiordesignsonoma.com\/blog\/\">https:\/\/interiordesignsonoma.com\/blog\/<\/a><\/div>","protected":false},"excerpt":{"rendered":"<p>XXX &amp; Free Porn hd https:\/\/interiordesignsonoma.com\/she-loves-to-be-fucked-as-best-as-possible-by-men-who-tell-her-erotic-stories\/, https:\/\/interiordesignsonoma.com\/the-mother-who-teaches-her-son-to-fuck-girls-so-well-that-they-will-fall-madly-in-love\/, https:\/\/interiordesignsonoma.com\/big-toy-stuffed-in-provocative-pussy\/, https:\/\/interiordesignsonoma.com\/those-with-small-breasts-are-decent-girls-who-are-also-agile-during-sex-in-special-positions\/, https:\/\/interiordesignsonoma.com\/a-man-who-enjoys-a-slightly-transmissive-and-smelly-pussy-after-a-days-work-in-the-office-chair\/, https:\/\/interiordesignsonoma.com\/hairy-pusy\/, https:\/\/interiordesignsonoma.com\/ce-este-sexul\/, https:\/\/interiordesignsonoma.com\/blog\/<\/p>\n","protected":false},"author":1,"featured_media":0,"parent":0,"menu_order":0,"comment_status":"closed","ping_status":"closed","template":"","meta":{"om_disable_all_campaigns":false,"_monsterinsights_skip_tracking":false,"_monsterinsights_sitenote_active":false,"_monsterinsights_sitenote_note":"","_monsterinsights_sitenote_category":0,"_joinchat":[]},"aioseo_notices":[],"_links":{"self":[{"href":"https:\/\/wessambiental.com.ar\/index.php\/wp-json\/wp\/v2\/pages\/704"}],"collection":[{"href":"https:\/\/wessambiental.com.ar\/index.php\/wp-json\/wp\/v2\/pages"}],"about":[{"href":"https:\/\/wessambiental.com.ar\/index.php\/wp-json\/wp\/v2\/types\/page"}],"author":[{"embeddable":true,"href":"https:\/\/wessambiental.com.ar\/index.php\/wp-json\/wp\/v2\/users\/1"}],"replies":[{"embeddable":true,"href":"https:\/\/wessambiental.com.ar\/index.php\/wp-json\/wp\/v2\/comments?post=704"}],"version-history":[{"count":5,"href":"https:\/\/wessambiental.com.ar\/index.php\/wp-json\/wp\/v2\/pages\/704\/revisions"}],"predecessor-version":[{"id":3086,"href":"https:\/\/wessambiental.com.ar\/index.php\/wp-json\/wp\/v2\/pages\/704\/revisions\/3086"}],"wp:attachment":[{"href":"https:\/\/wessambiental.com.ar\/index.php\/wp-json\/wp\/v2\/media?parent=704"}],"curies":[{"name":"wp","href":"https:\/\/api.w.org\/{rel}","templated":true}]}}